{"id":13265,"date":"2025-04-14T15:02:32","date_gmt":"2025-04-14T14:02:32","guid":{"rendered":"https:\/\/mezibyszoni.hu\/?post_type=product&#038;p=13265"},"modified":"2025-04-14T15:07:01","modified_gmt":"2025-04-14T14:07:01","slug":"ajandekutalvany-mezi-by-szoni-termekekhez-es-workshophoz","status":"publish","type":"product","link":"https:\/\/mezibyszoni.hu\/__old\/termek\/ajandekutalvany-mezi-by-szoni-termekekhez-es-workshophoz\/","title":{"rendered":"Aj\u00e1nd\u00e9kutalv\u00e1ny M\u00c9ZI by Szoni term\u00e9kekhez \u00e9s workshophoz"},"content":{"rendered":"<p>Szeretn\u00e9l valakit meglepni egy m\u00e9zeskal\u00e1cs d\u00edsz\u00edt\u0151 workshop r\u00e9szv\u00e9tellel vagy egy M\u00c9ZI by Szoni term\u00e9kkel, de nem tudod, pontosan melyik lenne a legjobb v\u00e1laszt\u00e1s vagy id\u0151pont?<\/p>\n<p>Akkor a legjobb d\u00f6nt\u00e9s egy aj\u00e1nd\u00e9kutalv\u00e1ny \u2013 \u00edgy a megaj\u00e1nd\u00e9kozott szabadon d\u00f6nthet arr\u00f3l, hogy mit \u00e9s mikor v\u00e1laszt.<\/p>\n<p>Az utalv\u00e1ny 6 h\u00f3napon kereszt\u00fcl \u00e9rv\u00e9nyes, \u00e9s bev\u00e1lthat\u00f3:<br \/>\n\u2013 b\u00e1rmely el\u00e9rhet\u0151 workshopra,<br \/>\n\u2013 illetve b\u00e1rmely webshopos term\u00e9kre (pl. DIY box, M\u00e9zim\u00e1z Mix, stb.).<\/p>\n<p>\ud83d\udda8\ufe0f Az aj\u00e1nd\u00e9kutalv\u00e1nyt megrendel\u00e9s ut\u00e1n egy nyomtathat\u00f3 f\u00e1jl form\u00e1j\u00e1ban k\u00fcld\u00f6m el e-mailben, p\u00e1r napon bel\u00fcl.<br \/>\nTov\u00e1bbk\u00fcldheted elektronikusan, vagy kinyomtatva k\u00e9zbe is adhatod.<\/p>\n<p>A v\u00e1s\u00e1rl\u00e1sn\u00e1l az utalv\u00e1ny \u00e9rt\u00e9ke levon\u00e1sra ker\u00fcl a v\u00e9g\u00f6sszegb\u0151l.<\/p>\n<p>El\u00e9rhet\u0151 \u00e9rt\u00e9kek:<br \/>\n10 000 Ft \u2022 20 000 Ft \u2022 25 000 Ft \u2022 30 000 Ft \u2022 35 000 Ft<\/p>\n","protected":false},"excerpt":{"rendered":"<p>Aj\u00e1nd\u00e9kutalv\u00e1ny M\u00c9ZI by Szoni term\u00e9kekhez \u00e9s workshophoz<br \/>\nBev\u00e1lthat\u00f3 minden webshopos term\u00e9kre \u00e9s workshopra <strong>6 h\u00f3napon bel\u00fcl<\/strong>. Nyomtathat\u00f3 utalv\u00e1ny e-mailben.<\/p>\n","protected":false},"featured_media":11733,"template":"","meta":[],"product_cat":[76],"product_tag":[],"class_list":{"0":"post-13265","1":"product","2":"type-product","3":"status-publish","4":"has-post-thumbnail","6":"product_cat-ajandekutalvany","8":"entry","9":"has-media","11":"first","12":"instock","13":"purchasable","14":"product-type-variable","15":"has-product-nav","16":"col","17":"span_1_of_3","18":"owp-content-center","19":"owp-thumbs-layout-horizontal","20":"owp-btn-normal","21":"owp-tabs-layout-horizontal"},"bundled_by":[],"bundle_stock_status":"instock","bundle_stock_quantity":null,"bundle_virtual":false,"bundle_layout":"","bundle_add_to_cart_form_location":"","bundle_editable_in_cart":false,"bundle_sold_individually_context":"","bundle_item_grouping":"","bundle_min_size":"","bundle_max_size":"","bundle_price":[],"bundled_items":[],"bundle_sell_ids":[],"jetpack_sharing_enabled":true,"_links":{"self":[{"href":"https:\/\/mezibyszoni.hu\/__old\/wp-json\/wp\/v2\/product\/13265"}],"collection":[{"href":"https:\/\/mezibyszoni.hu\/__old\/wp-json\/wp\/v2\/product"}],"about":[{"href":"https:\/\/mezibyszoni.hu\/__old\/wp-json\/wp\/v2\/types\/product"}],"version-history":[{"count":2,"href":"https:\/\/mezibyszoni.hu\/__old\/wp-json\/wp\/v2\/product\/13265\/revisions"}],"predecessor-version":[{"id":13272,"href":"https:\/\/mezibyszoni.hu\/__old\/wp-json\/wp\/v2\/product\/13265\/revisions\/13272"}],"wp:featuredmedia":[{"embeddable":true,"href":"https:\/\/mezibyszoni.hu\/__old\/wp-json\/wp\/v2\/media\/11733"}],"wp:attachment":[{"href":"https:\/\/mezibyszoni.hu\/__old\/wp-json\/wp\/v2\/media?parent=13265"}],"wp:term":[{"taxonomy":"product_cat","embeddable":true,"href":"https:\/\/mezibyszoni.hu\/__old\/wp-json\/wp\/v2\/product_cat?post=13265"},{"taxonomy":"product_tag","embeddable":true,"href":"https:\/\/mezibyszoni.hu\/__old\/wp-json\/wp\/v2\/product_tag?post=13265"}],"curies":[{"name":"wp","href":"https:\/\/api.w.org\/{rel}","templated":true}]}}